mainder when p is divided by g.
6
Suppose -37 = -5*v + 298. What is the remainder when v is divided by 2/(-1*3/(-21 - 0))?
11
Let o = -1 + -89. Let b be 7 + -4 - o/2. Suppose b = 10*t - 6*t. What is the remainder when 33 is divided by t?
9
What is the remainder when 186 is divided by (1 - -5) + (5 - 4)?
4
Suppose 0 = 3*u + 2*l - 764, -2*u - 5*l = -12 - 490. Calculate the remainder when u is divided by 20.
16
Suppose 4*i - 17 = -c + 1, 20 = c + 5*i. Calculate the remainder when (111/12)/(2/8) is divided by (2/c)/(5/475).
18
Suppose 0 = 2*b - 46*b + 2464. What is the remainder when 108 is divided by b?
52
Suppose 304 = 4*g + 28. What is the remainder when 135 is divided by g?
66
Let x(c) = -c**3 - 48*c**2 - 2*c + 5. What is the remainder when x(-48) is divided by 36?
29
Let l(q) = -q**3 + 15*q**2 + 34*q + 21. What is the remainder when 141 is divided by l(17)?
15
Suppose -269 = -4*h - y, 35*y - 31*y = -3*h + 218. Calculate the remainder when 260 is divided by h.
62
Let d(r) = -r**2 + 8*r + 16. Let h be d(10). Let n be (1396/6)/(h/(-6)). Let o = n - 218. Calculate the remainder when o is divided by 33.
32
Suppose -5*w = -4*h + 707, -204 - 652 = -5*h - 3*w. What is the remainder when h is divided by 16?
13
Suppose 1814 = -124*y + 4790. Suppose 390 = 2*k + 104. What is the remainder when k is divided by y?
23
Let h = 1137 - 1085. What is the remainder when 724 is divided by h?
48
Calculate the remainder when 29*2/(-8)*-12 + 5 is divided by 34.
24
Let o(q) = -q**3 + 18*q**2 + 7*q. What is the remainder when o(18) is divided by 64?
62
Suppose 4*q = -0*q - 16. What is the remainder when 14 is divided by (2/q)/((-2)/16)?
2
Suppose n + 4*n = 1325. Let l be 5/35 + n/7. Let z = l + -15. What is the remainder when z is divided by 13?
10
Suppose -4*n = -5*s - 26, 18 = 3*n + 4*s - 17. Calculate the remainder when 21 is divided by n.
3
Let p(g) = g**2 + 0*g**2 + 2*g**2 + 3*g + 2 - 77*g**3 - 2*g**2. What is the remainder when p(-1) is divided by 20?
17
Suppose -3*o = -8*o - 5*t + 170, -5*t = o - 18. Calculate the remainder when -1*o*(1 - 6/4) is divided by 10.
9
What is the remainder when 26 is divided by (320/144)/(5/(180/8))?
6
Suppose j - 2*z + 7*z = 82, 5*z = -5. Suppose 0*u = -3*u + j. Let r(o) = 4*o**2 - 3*o - 2. What is the remainder when u is divided by r(2)?
5
Suppose 0 = 2*h - 4*i - 1028, 1890 + 116 = 4*h + 2*i. Calculate the remainder when h is divided by 19.
10
What is the remainder when (-7 - (-46)/2)*2 is divided by 7?
4
Suppose 4*r + 4 = 3*d, 5*d - 2*r + 24 = -3*r. Calculate the remainder when (21/d)/((-1)/4) is divided by ((-9)/4)/(-3 - (-135)/48).
9
Suppose 5*t = -2 + 22, -4*d = -3*t - 264. What is the remainder when d is divided by 7?
6
Suppose 0 = 5*o - s - 481, -o + 89 = -0*o - 2*s. Suppose 2*d - 5*q + 8 = -3, 4 = -4*d + 4*q. Calculate the remainder when o is divided by (-2)/(3/((-75)/d)).
22
Suppose 3*b - 3*t = 57, -5*b + 10*b = 4*t + 93. Calculate the remainder when 31 is divided by b.
14
Let q = -15 - -15. Let n(r) = -r**3 - r**2 + r + 14. Let b be n(q). Suppose 3*k + v = b, 2*v + v - 9 = 2*k. What is the remainder when k is divided by 3?
0
Suppose f + 80 = 272. Calculate the remainder when 774 is divided by f.
6
Let q = -674 - -682. Calculate the remainder when 26 is divided by q.
2
Let o(m) = m**2 + 6*m - 7. Let l be o(6). Suppose 3*p + 14 = l. Let r(i) = i**2 - 9*i + 12. What is the remainder when r(12) is divided by p?
14
Suppose 1617 + 3923 = -10*j. Calculate the remainder when j/(-6) - (-2)/3 is divided by 19.
17
Suppose -d + 33 = 2*s, 18*s + 4*d = 22*s - 36. Let y(q) = -q**3 - 9*q**2 + 3. Let o be y(-9). What is the remainder when (-117)/o*1*-1 is divided by s?
11
What is the remainder when 60 is divided by (-338)/(-10) - -6*(-4)/30?
27
Suppose -65 = -2*w + 43. Let f(h) = -h**3 - 14*h**2 + 12*h - 26. Let p be f(-15). Suppose p = -5*d + 89. What is the remainder when w is divided by d?
12
Let f(m) = -7*m**3 - 3*m + 2. Let s be f(1). Let t(o) = o**2 - 21. Calculate the remainder when t(s) is divided by 12.
7
Let n = -62 + 96. Let v(j) = 122*j + 9. What is the remainder when n is divided by v(0)?
7
Suppose -5*k = 8*j - 3935, -4*k + 1313 = 5*j - 1842. What is the remainder when k is divided by 42?
39
Let m = -8 - -10. Suppose m*n = 2*a + 160, 4*n = -0*n + a + 317. Calculate the remainder when n is divided by 16.
15
Let m = -24 + 17. Let b = m + 12. Suppose -t = -0*t - f - 27, 5*t - 85 = -b*f. Calculate the remainder when 43 is divided by t.
21
Suppose 2*o + 5 = m - 0*o, -2*o = 2*m - 28. Let b be -4*(-2 + 5)/(-3). Let y = b + m. Calculate the remainder when 73 is divided by y.
13
Suppose -13*j + 5 = -12*j. Let a = 23 - j. Calculate the remainder when 50 is divided by a.
14
Let m = 17 + -12. Let n = m - -5. Calculate the remainder when 300/375 + 873/15 is divided by n.
9
Suppose 7*v - 4*v + 5*z - 115 = 0, v = -4*z + 29. Suppose 2*q - i = i - 56, 0 = -4*q - 3*i - 119. Let s = q - -45. What is the remainder when v is divided by s?
13
Let u = 41 + -27. Let b(j) = 8*j**3 - 3*j**2 + j + 1. What is the remainder when b(2) is divided by u?
13
Let a = 12 + -7. Suppose 0 = -2*x + f - a*f, -2*x = 2*f. Let r = 4 - x. Calculate the remainder when 7 is divided by r.
3
Suppose 5*m = -5*s, 0 = s - 2*m - 3 - 12. Let w(x) = x**2 + 20*x + 53. What is the remainder when s is divided by w(-17)?
1
Suppose k + k - 18 = 0. Suppose 5*v = 2*f + 155, 2*v - 4*f = -k*f + 91. Suppose 3*g + 6 = v. What is the remainder when 17 is divided by g?
8
Let j(c) = 9*c - 24. Let b be 4*4*(-15)/(-24). What is the remainder when j(b) is divided by 17?
15
Let b = -88 + 207. Calculate the remainder when b is divided by 26.
15
Suppose 0 = -6*o + 67 + 41. Let n(j) = -2*j**3 - 2*j**2 + j - 1. Calculate the remainder when o is divided by n(-2).
3
Suppose i + 7 = 2*q - 0, -4*i + 4 = 0. Suppose 45 = q*u - 23. What is the remainder when 66 is divided by u?
15
Let q(b) = -b + 21. Suppose -5*a + 179 = 4*v, -73 = -3*v + v + 3*a. What is the remainder when v is divided by q(0)?
20
Let b = -12 - -31. Suppose -151*m = -184*m + 330. Calculate the remainder when b is divided by m.
9
Let t(v) = 0*v + 2*v + 7 + 3 - v. Let r be (36/4 - 0)/1 + -2. What is the remainder when 82 is divided by t(r)?
14
Let b(g) = -2*g**3 - 7*g**2 - 10*g - 2. Calculate the remainder when b(-4) is divided by 21.
12
Let l = 527 - 288. Calculate the remainder when l is divided by 60.
59
Suppose 3*x - 196 = 2. What is the remainder when 228 is divided by x?
30
What is the remainder when 157 is divided by ((-567)/(-84))/(-3*1/(-16))?
13
Suppose 0 = -6*a + 4*a + 4. Suppose 0 = -a*n - 13 + 19. What is the remainder when 134/4 - n/2 is divided by 17?
15
Let w(l) = l**2 + 9*l - 6. Let q be w(-10). Suppose -6 = 2*s + q*i + 22, -8 = -3*s + 4*i. Calculate the remainder when s/(-6) + (-134)/(-6) is divided by 13.
10
Suppose 0 = 53*j - 0*j - 477. Calculate the remainder when 49 is divided by j.
4
Let p(g) = 2*g + 4. What is the remainder when p(3) is divided by (-14)/(-70)*45/3?
1
Let s(m) = 26*m**2 + m. Let q(k) = -51*k**2 - 3*k + 1. Let a(t) = 3*q(t) + 7*s(t). Calculate the remainder when a(2) is divided by (1/1)/(4/116).
28
Calculate the remainder when 1867 is divided by 2960/272 + (-4)/(-34).
8
Let g = -40 + 64. Calculate the remainder when 94 is divided by g.
22
Let z be 32/12*((-10)/(-4) + -1). Suppose 5*q - 3*c + c = 199, 38 = q - c. Calculate the remainder when q is divided by 3 + 7 + 1 + z.
11
Let s(t) = -42*t - 157. What is the remainder when 17 is divided by s(-4)?
6
What is the remainder when 1685/25*(-5)/4*-4 is divided by 34?
31
Suppose -2*i = 2*b - 42, 7 = 3*i + 5*b - 60. Calculate the remainder when ((-374)/(-51))/((-4)/(-18)) is divided by i.
14
What is the remainder when 3/(-3) - -108 - (-24 + 22) is divided by 40?
29
Suppose -l + 1 = 3. Let t be -2*(2 - 0 - l). What is the remainder when ((-78)/t)/((-1)/(-4)) is divided by 21?
18
Suppose -12*b + 197 = 2*s - 11*b, 0 = -3*s - b + 294. Calculate the remainder when s is divided by 50.
47
Let z(w) = -w**3 - 9*w**2 - 31*w - 12. What is the remainder when z(-5) is divided by 18?
7
Let t(o) = -o**3 + 5*o**2 + 4*o + 1. Let w(j) = j**2 - 1. Let s(l) = t(l) + w(l). Let k = -104 + 151. Calculate the remainder when k is divided by s(6).
23
Let l(j) = -83*j - 126. What is